/(-18) + (-988)/(-6). Suppose 0 = -24*v + 22*v + r. Calculate the remainder when 174 is divided by v.
10
Let p(h) = -59*h + 284. Let y be p(-33). Suppose -12*r + 37 + y = 0. Calculate the remainder when r is divided by 24.
21
Calculate the remainder when -92 - -335 - (1/1 - -3) is divided by 74.
17
Suppose 1181 = -x - 4*x + 1346. What is the remainder when 590 is divided by x?
29
Suppose 200*i = 195*i + 2*g + 1467, 3*g - 564 = -2*i. Let j = -50 - -70. What is the remainder when i is divided by j?
11
Suppose 0 = 4*n - 8 - 16. Let z(v) be the second derivative of v**3 + 9*v**2 + 22*v. Calculate the remainder when z(n) is divided by 19.
16
Let p(z) = -86*z - 3464. Suppose 0 = m - 6*m + 190. Calculate the remainder when p(-42) is divided by m.
34
Let d(m) = -12*m + 11. What is the remainder when d(-11) is divided by (-10)/(-10)*-9 - -57?
47
Suppose 155*g = 152*g - 4*w + 49, -3*g - w = -28. What is the remainder when 13053 is divided by g?
5
Let p = -7605 + 8686. Calculate the remainder when p is divided by 359.
4
Let v = 5410 - 5202. What is the remainder when v is divided by 3?
1
Let g be ((-14)/5)/(6/(-15)). Suppose 3*r = -g*r + 120. What is the remainder when 82 is divided by r?
10
Suppose 6*a = -341 + 263. Let r(u) = 3*u**3 + 39*u**2 + u + 32. Calculate the remainder when 75 is divided by r(a).
18
Suppose 8*w - 45 - 3 = 0. Calculate the remainder when 960/w + (2 - -3) is divided by 28.
25
Suppose 2*f - 4*w - 58 = -f, -34 = -2*f + 5*w. Let z = f - 14. Suppose 19 = i - 4*o, -i + 37 = 34*o - 29*o. Calculate the remainder when i is divided by z.
3
Let a be (-48)/22 - (-10)/55. Let p(f) = 5*f**2 - f - 6. Suppose -33 = -4*u + 195. Calculate the remainder when u is divided by p(a).
9
Suppose -3*d - 15 = 36. Let l be d/(-3 + (30/4)/3). Suppose -5*y - n = -l, 5*y - 4*n = n + 10. What is the remainder when y is divided by 4?
2
Suppose -511 = -17*a + 938 - 55. What is the remainder when 886 is divided by a?
66
Let v(p) = -p**2 + 8*p - 8. Let a be v(6). Suppose -4 = -0*m - 4*m + 2*t, 3*t = -12. Calculate the remainder when ((-54)/a)/(m/2) is divided by 10.
7
Suppose -40*j = -687 - 753. What is the remainder when 406 is divided by j?
10
Let b = 29562 - 29478. Calculate the remainder when 1467 is divided by b.
39
Suppose -c - 5*z + 95 + 42 = 0, 0 = -4*c - 4*z + 580. What is the remainder when 256 is divided by c?
109
Let i be ((-1)/2)/(((-55)/410)/11). Let a = 30 + -2. Let y = i - a. Calculate the remainder when 90 is divided by y.
12
Let w(q) = -2*q**2 + 50*q + 14. Let z be 5/((-104)/(-20) - 5). Let h(v) = v**3 - 4*v**2 - 16*v - 10. Calculate the remainder when h(7) is divided by w(z).
11
Suppose 0 = 3*w + k - 431 - 520, w + k = 315. Let g = w + -283. Suppose -4*p + 296 + 388 = 0. What is the remainder when p is divided by g?
31
Let d be 8 - (4 - 24/(-8)). What is the remainder when 114 is divided by -5 - d*6*120/(-18)?
9
Suppose -462 = -41*m + 359 + 368. Suppose -2*n = -4*n + 272. What is the remainder when n is divided by m?
20
Suppose 2*r - 3*r = -194. Let c = 2028 - 746. Suppose -c = -24*m - 106. Calculate the remainder when r is divided by m.
47
Let a(x) = 2*x + 41 + 2*x - 7*x. Let z = -1405 - -1405. What is the remainder when 160 is divided by a(z)?
37
Suppose 307*j - 332*j = -1775. What is the remainder when j is divided by 25?
21
Let n(o) = o**3 + 19*o**2 - 19*o + 27. Let k(g) = -2*g**2 + 25*g + 73. Let m be k(-3). Calculate the remainder when 55 is divided by n(m).
6
Suppose -4*j = -5*n - 35, 3*j + 4*n = 3 + 31. What is the remainder when ((-120)/80)/(4/(-80)) is divided by j?
0
Let d(p) = 5491*p**2 + 32*p - 8. Calculate the remainder when d(1) is divided by 7.
6
Let u(o) = 14*o**2 - 5*o + 4. Let v be u(1). Suppose v*c - 9*c = 464. What is the remainder when c is divided by 13?
12
Suppose 0 = -2*h + 5*h, 0 = -5*c - 4*h + 5. Let m be 2480/16 + (-2 - c). Suppose 48 = 10*a - m. Calculate the remainder when 119 is divided by a.
19
Suppose -2 = -4*o + 10. Let z(m) be the third derivative of m**5/20 - 5*m**4/24 + 4*m**3/3 - 33*m**2. What is the remainder when z(o) is divided by 8?
4
Suppose 3*l + 48*l = 35037. What is the remainder when l is divided by 141?
123
Let q be (-11 - -2)*12/(-1). Let y = -177 + 196. Suppose 4*i - 111 = -4*b - y, 2*i = 5*b - q. What is the remainder when 62 is divided by b?
18
Suppose 8*r = -7*r + 4290. Let o = r + -278. What is the remainder when 10 is divided by o?
2
What is the remainder when 677 is divided by (-15580)/(-615)*(-9)/(-4)?
50
Let t = 24280 + -15391. What is the remainder when t is divided by 57?
54
Let f(t) = t + 18. Let a be f(-15). Suppose 0*w + 4*w = -3*s - 4, 0 = -2*w + a*s - 2. What is the remainder when (w - 5/(-2))/(12/248) is divided by 15?
1
Suppose -3*g = 2*m - 615 - 302, 0 = -3*m - g + 1379. What is the remainder when m is divided by 455?
5
Let o be (-10 - -7)/((-3)/13) - -4. Suppose -5*x - 504 = -o*x. Let w = 387 + -264. Calculate the remainder when w is divided by x.
39
Let y = -487 - -613. Let k = 235 - y. What is the remainder when 211 is divided by k?
102
Let d(m) = -7*m + 510. What is the remainder when 370 is divided by d(45)?
175
Let q = 1500 + -1415. What is the remainder when 315 is divided by q?
60
Calculate the remainder when 2/(7 + (-7320)/1048) is divided by 29.
15
Let m be ((-3)/(-5) - 1)*30. Calculate the remainder when ((-130)/(-6))/((-76)/m - 6) is divided by (-4)/10 + (-172)/(-5).
31
Suppose 4*w - s - 1980 = 400, -4*w - 4*s + 2360 = 0. What is the remainder when w is divided by 331?
263
Suppose 2*s = 6*a + 274, -65*s - 4*a = -64*s - 144. What is the remainder when 1248 is divided by s?
128
Let b(y) = -y + 25. Suppose -150 = 573*z - 575*z - k, -4*k = 3*z - 240. What is the remainder when z is divided by b(0)?
22
Suppose -t + 4*j + 52 = 0, 5*t + 0*j = 2*j + 224. Suppose -49*r = -60*r + t. What is the remainder when 14 is divided by r?
2
Let y = 31 + -4. Let l = 32 - y. Suppose -l*g + 4*c = -137, -5*c + 2*c - 34 = -g. Calculate the remainder when g is divided by 14.
11
Let o = -1126 - -1459. What is the remainder when o is divided by 6?
3
Suppose 65*t - 6180 = -143*t + 2*t. Let u(r) = -9*r. Let s(m) = -10*m. Let q(f) = -2*s(f) + 3*u(f). Calculate the remainder when t is divided by q(-1).
2
Suppose -2*f = -5*f + 15, 4*f = 3*j - 1171. Let x(h) = -801*h + 3254. Calculate the remainder when j is divided by x(4).
47
Let p = 221 + -414. Let o = p + 232. What is the remainder when o is divided by (11*3)/3 - 1?
9
Let w(i) = 5*i**2 + 14*i - 537. What is the remainder when w(18) is divided by 445?
0
Suppose 0 = 27*r - 13*r. Suppose -2*t = 4*j - 48, -4*j - 3*t - 2*t + 60 = r. What is the remainder when 22 is divided by j?
2
Suppose -3*j + 6*j = 5*b + 447, 3*b + 3*j = -249. Let q = 186 + b. Let l = 41 - 16. Calculate the remainder when q is divided by l.
24
What is the remainder when 986 is divided by ((-18)/(-4))/(3970/(-500) + 8)?
11
Suppose 6*r = 10*r - 276. What is the remainder when r is divided by 0 - (-200)/14 - (-34)/(-119)?
13
Suppose -103*u + 40 = -101*u - 3*b, 0 = -4*b + 24. Calculate the remainder when 68 is divided by u.
10
Let c(l) = 11*l**2 - 228*l - 685. Calculate the remainder when 263 is divided by c(-3).
67
Suppose 458*b - 467700 = 28772. Calculate the remainder when b is divided by 175.
34
Let r = 72 - -11. Let l(s) be the first derivative of 43*s**3/3 + s**2/2 + s - 17. Calculate the remainder when r is divided by l(-1).
40
Suppose 292000 = 81*c + 85*c + 126*c. Calculate the remainder when c is divided by 7.
6
Calculate the remainder when (-5 + (-7224)/18)*(-84)/(-4 - -11) is divided by 61.
57
Let f(r) = r**2 - 9*r + 18. Let h be f(7). Suppose 0*c - c = 3*j + 523, 0 = j - h*c + 157. Let z = -99 - j. What is the remainder when z is divided by 15?
14
Let k(s) = 0*s + 9*s + 230 + 16*s. Calculate the remainder when 637 is divided by k(-6).
77
Let v be (-132)/165 + 46/(-5). What is the remainder when 131 is divided by v/(-25) + (468/30 - 1)?
11
Let n(y) = y**2 + 48*y + 974. Calculate the remainder when n(-21) is divided by 200.
7
Let f(h) = -1531*h - 7379. What is the remainder when f(-5) is divided by 85?
21
What is the remainder when 264 is divided by (-5888)/(-384)*(0 + 6)?
80
Calculate the remainder when 188 is divided by (-2)/((2 + (-1968)/981)*3).
79
Let l(m) = -m**3 + 